{"id":1405,"date":"2023-05-09T10:48:56","date_gmt":"2023-05-09T10:48:56","guid":{"rendered":"https:\/\/wordpress.kynologic.ch\/wordpress\/?page_id=1405"},"modified":"2025-04-02T08:57:54","modified_gmt":"2025-04-02T06:57:54","slug":"impressum","status":"publish","type":"page","link":"https:\/\/kynologic.ch\/?page_id=1405","title":{"rendered":"Impressum"},"content":{"rendered":"\t\t<div data-elementor-type=\"wp-page\" data-elementor-id=\"1405\" class=\"elementor elementor-1405\">\n\t\t\t\t\t\t<section class=\"elementor-section elementor-top-section elementor-element elementor-element-cd17fa2 elementor-section-height-full elementor-section-full_width elementor-section-height-default elementor-section-items-middle elementor-invisible\" data-id=\"cd17fa2\" data-element_type=\"section\" data-e-type=\"section\" data-settings=\"{&quot;background_background&quot;:&quot;classic&quot;,&quot;animation&quot;:&quot;fadeInRight&quot;}\">\n\t\t\t\t\t\t\t<div class=\"elementor-background-overlay\"><\/div>\n\t\t\t\t\t\t\t<div class=\"elementor-container elementor-column-gap-default\">\n\t\t\t\t\t<div class=\"elementor-column elementor-col-100 elementor-top-column elementor-element elementor-element-a0cd569\" data-id=\"a0cd569\" data-element_type=\"column\" data-e-type=\"column\">\n\t\t\t<div class=\"elementor-widget-wrap elementor-element-populated\">\n\t\t\t\t\t\t<div class=\"elementor-element elementor-element-821a5e8 elementor-invisible elementor-widget elementor-widget-heading\" data-id=\"821a5e8\" data-element_type=\"widget\" data-e-type=\"widget\" data-settings=\"{&quot;_animation&quot;:&quot;fadeInDown&quot;}\" data-widget_type=\"heading.default\">\n\t\t\t\t\t<h1 class=\"elementor-heading-title elementor-size-default\">Impressum<\/h1>\t\t\t\t<\/div>\n\t\t\t\t\t<\/div>\n\t\t<\/div>\n\t\t\t\t\t<\/div>\n\t\t<\/section>\n\t\t\t\t<section class=\"elementor-section elementor-top-section elementor-element elementor-element-9cc4436 elementor-section-boxed elementor-section-height-default elementor-section-height-default\" data-id=\"9cc4436\" data-element_type=\"section\" data-e-type=\"section\">\n\t\t\t\t\t\t<div class=\"elementor-container elementor-column-gap-default\">\n\t\t\t\t\t<div class=\"elementor-column elementor-col-100 elementor-top-column elementor-element elementor-element-60fa30f\" data-id=\"60fa30f\" data-element_type=\"column\" data-e-type=\"column\">\n\t\t\t<div class=\"elementor-widget-wrap elementor-element-populated\">\n\t\t\t\t\t\t<div class=\"elementor-element elementor-element-88e786f elementor-widget elementor-widget-text-editor\" data-id=\"88e786f\" data-element_type=\"widget\" data-e-type=\"widget\" data-widget_type=\"text-editor.default\">\n\t\t\t\t\t\t\t\t\t<p class=\"grundstyle\"><b>Kynologic by Andr\u00e9 Schoch<\/b><\/p><p class=\"grundstyle\">Gesch\u00e4ftsf\u00fchrer: Andr\u00e9 Schoch<\/p><p class=\"grundstyle\"><b><span class=\"textcolor-secondaryColor\">\u00a0<\/span><\/b><\/p><p class=\"grundstyle\"><b><span class=\"textcolor-secondaryColor\">Kontaktdaten:<\/span><\/b><\/p><p class=\"grundstyle\"><span class=\"textcolor-primaryColor\">Anschrift: <\/span><\/p><p class=\"grundstyle\"><span class=\"textcolor-primaryColor\">Chriesbaumstrasse 26<\/span><\/p><p class=\"grundstyle\"><span class=\"textcolor-primaryColor\">8115 H\u00fcttikon<\/span><\/p><p class=\"grundstyle\"><span class=\"textcolor-primaryColor\">\u00a0<\/span><\/p><p class=\"grundstyle\"><span class=\"textcolor-primaryColor\">Telefon:<\/span><\/p><p class=\"grundstyle\"><span class=\"textcolor-primaryColor\">\u00a0+41 79 650 70 41<\/span><\/p><p class=\"grundstyle\"><span class=\"textcolor-primaryColor\">\u00a0<\/span><\/p><p class=\"grundstyle\"><span class=\"textcolor-primaryColor\">E-Mail: <\/span><\/p><p class=\"grundstyle\"><span class=\"textcolor-primaryColor\">info@kynologic.ch<\/span><\/p><p class=\"grundstyle\"><b><span class=\"textcolor-secondaryColor\">\u00a0<\/span><\/b><\/p><p class=\"grundstyle\"><b><span class=\"textcolor-secondaryColor\">Firmennummer:<\/span><span class=\"textcolor-primaryColor\"><br \/><\/span><\/b><\/p><p class=\"grundstyle\"><span class=\"textcolor-primaryColor\">CHE-131.078.258<\/span><\/p>\t\t\t\t\t\t\t\t<\/div>\n\t\t\t\t\t<\/div>\n\t\t<\/div>\n\t\t\t\t\t<\/div>\n\t\t<\/section>\n\t\t\t\t<\/div>\n\t\t","protected":false},"excerpt":{"rendered":"<p>Impressum Kynologic by Andr\u00e9 Schoch Gesch\u00e4ftsf\u00fchrer: Andr\u00e9 Schoch \u00a0 Kontaktdaten: Anschrift: Chriesbaumstrasse 26 8115 H\u00fcttikon \u00a0 Telefon: \u00a0+41 79 650 70 41 \u00a0 E-Mail: info@kynologic.ch \u00a0 Firmennummer: CHE-131.078.258<\/p>\n","protected":false},"author":1,"featured_media":0,"parent":0,"menu_order":0,"comment_status":"closed","ping_status":"closed","template":"","meta":{"site-sidebar-layout":"no-sidebar","site-content-layout":"page-builder","ast-site-content-layout":"default","site-content-style":"default","site-sidebar-style":"default","ast-global-header-display":"","ast-banner-title-visibility":"","ast-main-header-display":"","ast-hfb-above-header-display":"","ast-hfb-below-header-display":"","ast-hfb-mobile-header-display":"","site-post-title":"disabled","ast-breadcrumbs-content":"","ast-featured-img":"disabled","footer-sml-layout":"","ast-disable-related-posts":"","theme-transparent-header-meta":"enabled","adv-header-id-meta":"","stick-header-meta":"","header-above-stick-meta":"","header-main-stick-meta":"","header-below-stick-meta":"","astra-migrate-meta-layouts":"default","ast-page-background-enabled":"default","ast-page-background-meta":{"desktop":{"background-color":"var(--ast-global-color-4)","background-image":"","background-repeat":"repeat","background-position":"center center","background-size":"auto","background-attachment":"scroll","background-type":"","background-media":"","overlay-type":"","overlay-color":"","overlay-opacity":"","overlay-gradient":""},"tablet":{"background-color":"","background-image":"","background-repeat":"repeat","background-position":"center center","background-size":"auto","background-attachment":"scroll","background-type":"","background-media":"","overlay-type":"","overlay-color":"","overlay-opacity":"","overlay-gradient":""},"mobile":{"background-color":"","background-image":"","background-repeat":"repeat","background-position":"center center","background-size":"auto","background-attachment":"scroll","background-type":"","background-media":"","overlay-type":"","overlay-color":"","overlay-opacity":"","overlay-gradient":""}},"ast-content-background-meta":{"desktop":{"background-color":"var(--ast-global-color-5)","background-image":"","background-repeat":"repeat","background-position":"center center","background-size":"auto","background-attachment":"scroll","background-type":"","background-media":"","overlay-type":"","overlay-color":"","overlay-opacity":"","overlay-gradient":""},"tablet":{"background-color":"var(--ast-global-color-5)","background-image":"","background-repeat":"repeat","background-position":"center center","background-size":"auto","background-attachment":"scroll","background-type":"","background-media":"","overlay-type":"","overlay-color":"","overlay-opacity":"","overlay-gradient":""},"mobile":{"background-color":"var(--ast-global-color-5)","background-image":"","background-repeat":"repeat","background-position":"center center","background-size":"auto","background-attachment":"scroll","background-type":"","background-media":"","overlay-type":"","overlay-color":"","overlay-opacity":"","overlay-gradient":""}},"footnotes":""},"class_list":["post-1405","page","type-page","status-publish","hentry"],"jetpack_sharing_enabled":true,"_links":{"self":[{"href":"https:\/\/kynologic.ch\/index.php?rest_route=\/wp\/v2\/pages\/1405","targetHints":{"allow":["GET"]}}],"collection":[{"href":"https:\/\/kynologic.ch\/index.php?rest_route=\/wp\/v2\/pages"}],"about":[{"href":"https:\/\/kynologic.ch\/index.php?rest_route=\/wp\/v2\/types\/page"}],"author":[{"embeddable":true,"href":"https:\/\/kynologic.ch\/index.php?rest_route=\/wp\/v2\/users\/1"}],"replies":[{"embeddable":true,"href":"https:\/\/kynologic.ch\/index.php?rest_route=%2Fwp%2Fv2%2Fcomments&post=1405"}],"version-history":[{"count":31,"href":"https:\/\/kynologic.ch\/index.php?rest_route=\/wp\/v2\/pages\/1405\/revisions"}],"predecessor-version":[{"id":2941,"href":"https:\/\/kynologic.ch\/index.php?rest_route=\/wp\/v2\/pages\/1405\/revisions\/2941"}],"wp:attachment":[{"href":"https:\/\/kynologic.ch\/index.php?rest_route=%2Fwp%2Fv2%2Fmedia&parent=1405"}],"curies":[{"name":"wp","href":"https:\/\/api.w.org\/{rel}","templated":true}]}}